**3/3 - 2. Let i(u) be the third derivative of m(u). What is i(h)?
3
Let v(w) = w. Let m(p) be the first derivative of p**4/4 + p**3/3 + 2*p**2 - p + 45. Let r(f) = -m(f) + 4*v(f). Calculate r(0).
1
Let q(z) be the first derivative of -z**5/20 - z**3/6 - 14*z - 11. Let h(s) be the first derivative of q(s). Determine h(2).
-10
Let x(c) be the third derivative of c**8/6720 - c**7/504 - c**6/720 + c**5/40 - c**4/12 - 2*c**2. Let q(m) be the second derivative of x(m). What is q(5)?
-2
Let l(i) = -i - 4. Let n be l(-5). Let d(y) = -5*y**2 + 4*y**2 + 3*y + 6 + n. Suppose 15 = 5*k, q + 0 - 2 = k. Determine d(q).
-3
Suppose -5*d = 5, -4*w - 4*d + 20 = -3*w. Let q = w + -19. Let n(i) = 3*i - 7. Calculate n(q).
8
Suppose 3*v - 3*i = 15, -4*v - 3*i = -4*i - 20. Let n(h) = 2*h + 5*h**2 + h**3 - 2*h + v*h - 2. Calculate n(-4).
-6
Let j be (0 - (-1 - 8)) + -9. Let b(a) = -3*a**2 - 3*a + 12. Let z(x) = -7*x**2 - 7*x + 25. Let y(f) = 9*b(f) - 4*z(f). Calculate y(j).
8
Let u(t) be the third derivative of t**6/120 - t**5/30 + t**4/8 - t**3/2 - 253*t**2. Determine u(2).
3
Let p(o) be the second derivative of o**5/60 - o**4/3 - 2*o**3/3 + 7*o**2 - 10*o. Let w(y) be the first derivative of p(y). Determine w(5).
-19
Let l(p) = p**3 + 11*p**2 + 19*p + 13. Let z be l(-9). Let o(x) = x**2 - 2*x + z*x - 5*x + 2*x - 3. Let c = -5 - -8. What is o(c)?
3
Suppose w = a + 9, 4*w - 9 = 3*a - 8*a. Let u(s) = s - 24. Give u(w).
-18
Suppose -6*g = -34*g - 84. Suppose 2*f + 0 + 2 = 5*h, f = -h + 6. Let b(k) = 0*k**2 + 0*k**h + 3 - k**2. What is b(g)?
-6
Let x(h) = -h - 15. Let c be x(-13). Let l be 3/4*(c - -6). Suppose 0 = -d - 0*d + l. Let u(z) = z**3 - 3*z**2 - z + 4. Determine u(d).
1
Suppose -4*g + 5*s = -0*g, -4*g - 28 = 2*s. Let z(h) = 4*h + 3*h - 7*h - 4 - h. Calculate z(g).
1
Let w(r) = -2*r**2 + 16*r + 13. Let a(k) = -2*k**2 + 14*k + 11. Let d(f) = 6*a(f) - 5*w(f). Suppose -7*g + 6 = -4*g. Suppose g*t - 8 = -2. Calculate d(t).
-5
Let g be 4/(-10)*(-50)/120. Let o(y) be the third derivative of 0 + 0*y - 7/60*y**5 + 2*y**2 + 0*y**4 + g*y**3. Determine o(-1).
-6
Let d(t) = t**3 + 11*t**2 - 8*t + 6. Suppose 0 = 2697*v - 2695*v + 24. Calculate d(v).
-42
Let n(g) = g**2 - 5*g - 5. Let v(i) = i**2 - 5*i - 45. Let x be v(10). Give n(x).
-5
Let r(m) = -4*m**2 + 6*m - 6. Let c(x) be the second derivative of -7/12*x**4 - 7*x + 11/6*x**3 + 0 - 11/2*x**2. Let n(b) = -3*c(b) + 5*r(b). Calculate n(2).
1
Let m be 4/10 + 24/40. Let o be -4 + 2 - (m + -9). Let w(l) = -l**2 + 7*l - 8. Determine w(o).
-2
Let u(b) = 5*b**2 + 4*b**2 - 7*b**2 - b + 2*b**2 - 1 + 25*b**2. Calculate u(-1).
29
Let s(k) = 10*k**3 + k**2 + 9*k - 5. Let z(o) = 11*o**3 + 7*o - 4. Let x(l) = 2*s(l) - 3*z(l). Give x(1).
-12
Let y be (-7)/(-3) + (-8)/24. Let h(c) = 5*c - y*c + c + 2*c - 2 - c**2. Let q(l) = l**3 + 6*l**2 + 5. Let p be q(-6). Calculate h(p).
3
Let n = 36 - 19. Let j = 12 - n. Let u(g) be the first derivative of g**3/3 + 5*g**2/2 - 3*g + 3. What is u(j)?
-3
Let t = 325 - 325. Let j(z) be the first derivative of -1/4*z**4 - 3 + 0*z**3 + 1/2*z**2 + 0*z. Give j(t).
0
Let j(d) be the third derivative of -d**5/20 + d**4/24 - 8*d**2 + 1. Let a = -4 + 6. What is j(a)?
-10
Let k(p) be the second derivative of -p**5/20 + p**4/2 - 3*p**3/2 - 3*p**2/2 - 47*p - 3. Give k(4).
-7
Let z(w) be the third derivative of -w**5/60 - w**4/24 + w**3/3 - 3*w**2. Suppose -o = -0*o - 4*o. What is z(o)?
2
Let s(q) = 4*q**2 + 3*q + 3. Suppose -2 + 5 = p. Suppose p*z - 8*z = 10. What is s(z)?
13
Suppose z + j - 2 = -2*j, 3*j = 0. Let b(x) = 9*x**2 - 3*x - 2*x**3 + x - x - 13*x**z. Let y = -1 + -1. Determine b(y).
6
Let l(k) = 29*k**3 - 2*k**2 + 1. Suppose 0 = 11*g - 180 + 191. Give l(g).
-30
Let b = -71 - -63. Let t(a) be the second derivative of a**3/6 + 3*a**2/2 - 3*a - 13. Calculate t(b).
-5
Let p(c) = -2*c**2 - 10*c + 3. Let k be p(-5). Let l be (15/k)/(-4 + 5 - 2). Let w(f) = f**3 + 4*f**2 - 7*f - 5. Calculate w(l).
5
Let l(r) = r**3 + 8*r**2 + 10. Let p(z) = -22*z + 13. Let o be p(2). Let k = o - -23. Determine l(k).
10
Suppose 7 + 7 = 7*u. Suppose -z - 6*y = -2*y + 24, 22 = -3*z - u*y. Let c(t) = -t**3 - 5*t**2 - 4*t + 5. Calculate c(z).
5
Let d = 100 - 103. Let g(k) = -11*k - 28. Calculate g(d).
5
Let g(w) = 27*w - 24. Let j(b) = 19*b - 17. Let u(m) = -5*g(m) + 7*j(m). Let z = -1 - 3. Give u(z).
9
Let b(d) = -d**3 - 11*d**2 + 14*d + 1. Let o = -1505 + 1493. Determine b(o).
-23
Let s be ((-63)/90)/1*(-2)/7. Let w(d) be the second derivative of 1/12*d**4 + 0*d**3 + 0 - 3*d - 1/2*d**2 - s*d**5. What is w(-1)?
4
Let m(k) = 13*k - 8. Let b(s) = 10*s - 7. Let p(q) = -4*b(q) + 3*m(q). Calculate p(8).
-4
Let x(d) be the second derivative of -d**4/6 - d**3/3 - 8*d. Let l(a) be the second derivative of -a**4/6 + a**3/2 - 3*a. Let c be l(2). What is x(c)?
-4
Let j(m) = m**3 + 13*m**2 - 5. Let g be j(-13). Let n(q) be the third derivative of -7*q**2 + 2/3*q**3 + 1/12*q**4 + 0*q + 0. Calculate n(g).
-6
Let j be ((-63)/(-126))/((-1)/(2*5)). Let r(u) = -u**3 - 4*u**2 + 5*u - 5. Determine r(j).
-5
Let l(s) = -s**3 - 6*s**2 - 4*s - 4. Let v = 280 + -285. Calculate l(v).
-9
Suppose 0*q = 3*q + 21. Let t(b) = 7*b**2 - 5*b + 10. Let p(s) = 3*s**2 - 3*s + 4. Let c(o) = -9*p(o) + 4*t(o). Give c(q).
4
Let j(g) = 2*g - 5. Let d(t) = 4*t - 10. Let o = 0 - -2. Suppose -3*f = -r - 6*f - 3, -2*r = 4*f + o. Let w(l) = r*d(l) - 5*j(l). Give w(6).
7
Let c(j) = -8*j + 29. Let d be c(3). Suppose 0 = -3*t + 2*y - y - 19, 4*y + 26 = -d*t. Let s(w) = -w**3 - 6*w**2 - 5. Determine s(t).
-5
Let g(v) = 4*v**2 + 63*v - 10. Let z be g(-16). Let s(p) = -p**3 + 5*p**2 + 6*p - 6. What is s(z)?
-6
Suppose -a - 295 = 58*a. Let f(p) = p**3 + 5*p**2 - p - 2. Calculate f(a).
3
Let p(w) = -w. Let r be ((-4)/8)/(1/6) + 6. Let l = -4 + 5. Let i(s) = 7*s + 3. Let d(u) = l*i(u) + r*p(u). Give d(-3).
-9
Let l(o) = 6*o**2 - 29*o - 22. Let n(t) = 5*t**2 - 25*t - 22. Let k(j) = -4*l(j) + 5*n(j). Determine k(11).
0
Let k(m) = -3*m - m + 5*m + 6. Suppose 10 + 15 = 5*z. Let y(o) = o**2 - 4*o - 10. Let p be y(z). Give k(p).
1
Let g be 68/(-11) + 2/11. Let t = 30 - 26. Let m(v) = t + v**2 + 7*v - 3 + 7. Determine m(g).
2
Let l(q) = -7*q**2 + 2*q + 1. Suppose -y = -4*c - 0*y + 25, -3*c + 25 = -2*y. Suppose 5 = 2*w - c*d, 4*w - 4*d = -0*d + 16. Suppose 5 = -w*j - 0. Give l(j).
-8
Let k(m) = 15*m + 20*m + 19*m - 79*m + 21*m. Let u = 2 - 3. Give k(u).
4
Let o(m) = -m - 4. Let s(j) = -55*j + 49. Let w be s(1). Determine o(w).
2
Let l be 4 - 0 - 2 - -1. Let z be (-1 + 0)*(-9)/l. Let q(t) = -7*t**2 + 4*t - 4. Let j(h) = -4*h**2 + 2*h - 2. Let g(p) = -5*j(p) + 3*q(p). Calculate g(z).
-5
Let l(j) = -j**3 - j**2 - 2*j - 3. Let w(k) = 3*k + 22. Let f be w(-5). Let s = -1 + f. Suppose 5*z + 3*b + 1 = -3, 2*z = -5*b + s. Calculate l(z).
5
Suppose 5*h - 4*n = 20, 3 - 11 = -2*h - n. Let d = 2 + h. Let a(u) = -1 + 0*u - 3 - 3 + u. Give a(d).
-1
Let j(f) = 1 + 5*f**3 + 102*f**2 - 102*f**2. Let o be (-2)/17 - 418/(-374). Determine j(o).
6
Let d(g) be the first derivative of g**4/4 - 4*g**3/3 + 3*g - 1. Let n be -3 + 37/(111/18). Give d(n).
-6
Let h(v) = 12*v. Let b(z) = 3*z. Let g(f) = 21*b(f) - 5*h(f). Let o(y) = -y. Let c(j) = -4*g(j) - 9*o(j). Determine c(-1).
3
Let f(n) be the second derivative of n**5/20 - 3*n**4/4 + 11*n**3/6 - 13*n**2/2 - 591*n. Give f(8).
11
Let b(z) be the third derivative of -z**5/60 - z**4/3 - 7*z**3/6 - z**2 - 1. Give b(-7).
0
Suppose 4 = -2*m, -5*l + 2*m = -3*m + 90. Let p = -16 - l. Let y(x) = -x. Let n(d) = -d**3 + 3*d**2 + 9*d - 6. Let j(g) = -n(g) - 3*y(g). What is j(p)?
-2
Let k = -26 - -28. Let q(n) = -4*n**2 + 5 + 2*n**k - 5*n + n**2. Give q(-6).
-1
Let y(s) = -s**3 + 12*s**2 - 11*s - 2. Let o = -481 + 492. Calculate y(o).
-2
Let h(c) = c - 7. Let p(r) = -r + 17. Let o(v) = -v + 16. Let f(n) = -3*o(n) + 4*p(n). Let m be f(11). What is h(m)?
2
Let f(w) = -6*w - 70. Let x be f(-10). Let z(j) be the first derivative of -j**4/4 - 11*j**3/3 - 5*j**2 + 2*j + 3. Give z(x).
2
Suppose -4 - 6 = 5*v, 2*w - 2 = v. Let s(z) be the second derivative of -z**3/6 - 2*z - 13. What is s(w)?
0
Let c(a) be the first derivative of a**5/20 - 7*a**4/12 + 5*a**3/6 + 3*a**2 + 42*a - 10. Let s(f) be the first derivative of c(f). Let n = 22 + -16. Give s(n).
0
Let r(u) = -u**3 + 6*u**2 - 11*